-23?
-601
In base 16, what is 5 - -1d542?
1d547
In base 9, what is -1051 - 27?
-1078
In base 9, what is 2033 - -404?
2437
In base 13, what is 13 + 1b7b?
1b91
In base 16, what is -4b - 1c3c?
-1c87
In base 15, what is 3 - -2ce6?
2ce9
In base 8, what is 10034072 + 1?
10034073
In base 4, what is 100110101 + -13?
100110022
In base 10, what is 102770 + 4?
102774
In base 11, what is -1 - -467093?
467092
In base 8, what is 164 - -125671?
126055
In base 16, what is 14990 + -12?
1497e
In base 14, what is -1 - -a03a?
a039
In base 7, what is 1503222 - -5?
1503230
In base 10, what is -39 - 12334?
-12373
In base 5, what is -23113 - 2123?
-30241
In base 5, what is -13 + 2010403?
2010340
In base 8, what is 2 + 106352?
106354
In base 16, what is -29c98 - 2?
-29c9a
In base 13, what is 1 + a08a2?
a08a3
In base 7, what is 214 - 22403?
-22156
In base 9, what is -512 - 15762?
-16374
In base 2, what is -10000101010 + -11011?
-10001000101
In base 4, what is -131011 - 1133?
-132210
In base 13, what is -4c4 + 466?
-5b
In base 11, what is a7 - 189?
-92
In base 6, what is 2 - 353213?
-353211
In base 10, what is 2644 - -6?
2650
In base 3, what is -2022111 + -10021?
-2102202
In base 9, what is -7 + 15611?
15603
In base 8, what is -1 - -376037?
376036
In base 13, what is 2 + 39a0?
39a2
In base 16, what is -38e29 + 4?
-38e25
In base 11, what is -145 + 344?
1aa
In base 2, what is 100100 + 100001101100?
100010010000
In base 16, what is 6b7e7 + c?
6b7f3
In base 10, what is 67 - -760?
827
In base 5, what is -101 - 22320?
-22421
In base 4, what is -20012102 - 10?
-20012112
In base 2, what is 100000111110110 - -11?
100000111111001
In base 8, what is -37045 + 2?
-37043
In base 16, what is -6 - -444de?
444d8
In base 16, what is -c - -44d7?
44cb
In base 14, what is -2257 - 32?
-2289
In base 5, what is -3322314 - -41?
-3322223
In base 3, what is 11 - -122010221001?
122010221012
In base 2, what is 100000101110000 + 10?
100000101110010
In base 2, what is -101101 - -1111010101?
1110101000
In base 12, what is 14656 - 10?
14646
In base 13, what is 7 + 5b24?
5b2b
In base 14, what is -b - -4083?
4076
In base 14, what is -c8 + -ad?
-197
In base 14, what is 8 + 4091?
4099
In base 9, what is -2 + 55184?
55182
In base 6, what is 2 + 12222440?
12222442
In base 15, what is 26882e + -4?
26882a
In base 12, what is -1 + 79061?
79060
In base 4, what is 12 - 21211?
-21133
In base 3, what is 1100002111112 - -2?
1100002111121
In base 6, what is 153312 + -12?
153300
In base 10, what is 2 - -56342?
56344
In base 7, what is 1 + 15020?
15021
In base 13, what is 650 - 49c?
181
In base 16, what is -148b8 + -1?
-148b9
In base 2, what is 1010111011100100 + -100?
1010111011100000
In base 12, what is -17 + -44280?
-44297
In base 15, what is -3 - 3e3ee?
-3e402
In base 13, what is -b5c2 - -2?
-b5c0
In base 14, what is -15343 + -3?
-15346
In base 16, what is 4af65 - 4?
4af61
In base 3, what is -2 + 1002110210?
1002110201
In base 2, what is -1010001001111010010000 - 11?
-1010001001111010010011
In base 11, what is -13 + 1926?
1913
In base 4, what is 1102 + -132202?
-131100
In base 11, what is -1 + -a643?
-a644
In base 11, what is -10a8 - 1795?
-2892
In base 6, what is 0 - -132031?
132031
In base 10, what is -141 + -141?
-282
In base 10, what is 225 + -87?
138
In base 2, what is -10000100001101100111 - -1?
-10000100001101100110
In base 10, what is 689 + -46?
643
In base 9, what is -687454 - 5?
-687460
In base 9, what is 4 - 3180?
-3175
In base 8, what is -2135 - -2664?
527
In base 2, what is -1010100101 + -1101100?
-1100010001
In base 10, what is -22 + -9020?
-9042
In base 6, what is -2 - -203234?
203232
In base 10, what is -1 + -21895?
-21896
In base 12, what is -5 + 18a?
185
In base 11, what is 62a59 - -11?
62a6a
In base 11, what is -2a + 23177?
23148
In base 6, what is 1 + 5505431?
5505432
In base 4, what is -22102013 + -10?
-22102023
In base 16, what is -4 - -17a3a?
17a36
In base 12, what is 2 + 8b62?
8b64
In base 3, what is -1000020112 + 210?
-1000012202
In base 12, what is a413 + 2?
a415
In base 8, what is 10015 - -6?
10023
In base 14, what is 5a + 30c?
368
In base 16, what is -27 + -2f3?
-31a
In base 14, what is -11 - -14aa4?
14a93
In base 11, what is 5 + -61746?
-61741
In base 9, what is -113 - 43?
-156
In base 16, what is -4 - -94f6?
94f2
In base 7, what is 3123431 - -3?
3123434
In base 11, what is -351 - -1075?
824
In base 2, what is -1 + 11001111000100010?
11001111000100001
In base 4, what is 10002 + 101120?
111122
In base 10, what is 5 - 359?
-354
In base 10, what is -30 - 739?
-769
In base 2, what is 10011001 + 100100001?
110111010
In base 5, what is 0 - 423243?
-423243
In base 16, what is df - -4c?
12b
In base 3, what is -11 + 12000022100?
12000022012
In base 12, what is 24 - 12a0?
-1278
In base 3, what is 11222 + -21202?
-2210
In base 6, what is -2 + 23133?
23131
In base 12, what is -251 - a85?
-1116
In base 2, what is 110 - 1000001100001101000?
-1000001100001100010
In base 3, what is -12 + 11020202001?
11020201212
In base 11, what is 44aa95 + 5?
44aa9a
In base 3, what is -210 - 1011212?
-1012122
In base 9, what is 7 - 80774?
-80766
In base 2, what is 0 + -111010001011111?
-111010001011111
In base 10, what is -13792 - 2?
-13794
In base 12, what is -200a0 + 1?
-2009b
In base 5, what is -1 - -14432411?
14432410
In base 9, what is 146 - -7402?
7548
In base 7, what is -2332330 - 2?
-2332332
In base 14, what is -1 - 6b95?
-6b96
In base 2, what is 10100 + -1100110000?
-1100011100
In base 14, what is 3 + 5bb63?
5bb66
In base 15, what is 1 + -4167?
-4166
In base 2, what is -100011100001 - 1001011101?
-101100111110
In base 16, what is -6 + 4f6?
4f0
In base 10, what is -4 - 34525?
-34529
In base 12, what is -139100 + 1?
-1390bb
In base 8, what is 1 - 247342?
-247341
In base 10, what is -332 - 190?
-522
In base 14, what is -1d7 - c32?
-1029
In base 5, what is -3404 - 1322?
-10231
In base 8, what is 1151 - 464?
465
In base 14, what is 1d6d - 4?
1d69
In base 2, what is 1001111110111 - 10011000?
1001101011111
In base 14, what is 3da1d + 8?
3da27
In base 7, what is 1023 + -264?
426
In base 15, what is -10e88 + d?
-10e7a
In base 13, what is 2762 - 2b1?
2481
In base 15, what is -15d - -4?
-159
In base 7, what is 46 - -2322?
2401
In base 5, what is 24441 + -1023?
23413
In base 4, what is 101 - -321023012?
321023113
In base 9, what is -67 + -2646?
-2724
In base 16, what is 10024 - -4?
10028
In base 2, what is -10010011010101101 - -1?
-10010011010101100
In base 2, what is -1000001 - -10110001111?
10101001110
In base 8, what is 10 + 30560?
30570
In base 9, what is 105360 - 5?
105354
In base 8, what is 2 + 252777?
253001
In base 12, what is -138b - 0?
-138b
In base 7, what is 5 + -43446?
-43441
In base 4, what is -101332322021 - 3?
-101332322030
In base 13, what is -8 + -2a12?
-2a1a
In base 4, what is -203 - -3033012?
3032203
In base 16, what is 14813f - 2?
14813d
In base 8, what is -404545 + -4?
-404551
In base 11, what is 55a - 10?
54a
In base 4, what is -103011303 - 1?
-103011310
In base 13, what is -3 + -b8c7?
-b8ca
In base 8, what is 2 - 3322?
-3320
In base 7, what is -11 - 60001?
-60012
In base 16, what is -35d7 - be?
-3695
In base 2, what is 101 - -1000100001100101111?
1000100001100110100
In base 4, what is -11 - -20013310?
20013233
In base 2, what is 10111001 - 101111?
10001010
In base 8, what is 225231 + -3?
225226
In base 13, what is -9aa75 + 4?
-9aa71
In base 12, what is 1b + a5b9?
a618
In base 11, what is -22 + -260?
-282
In base 7, what is -41315 + 153?
-41132
In base 6, what is 42211 + -34?
42133
In base 5, what is 14 + -3101342?
-3101323
In base 3, what is -20011 - -1122?
-11112
In base 14, what is -5 + -81d0?
-81d5
In base 6, what is 132424 + 1?
132425
In base 15, what is -3 + b3a8?
b3a5
In base 12, what is -2 - -3911?
390b
In base 2, what is 1000011000010 + -100?
1000010111110
In base 12, what is -2a6b45 + -5?
-2a6b4a
In base 2, what is -100110 + 1001100100101001?
1001100100000011
In base 14, what is cc + -1b?
b1
In base 7, what is 3251306 + -10?
3251266
In base 6, what is 5 - 43332525?
-43332520
In base 2, what is -100011000 + 100100011000?
100000000000
In base 16, what is 3 - 16422?
-1641f
In base 11, what is 4 + 1595a?
15963
In base 7, what is -2 + -40621?
-40623
In base 4, what is 3 + 100223133?
10022